{"id":172,"date":"2017-05-22T19:56:40","date_gmt":"2017-05-22T17:56:40","guid":{"rendered":"http:\/\/hmedia.de\/photo\/?page_id=172"},"modified":"2017-07-10T21:49:18","modified_gmt":"2017-07-10T19:49:18","slug":"ueber-mich","status":"publish","type":"page","link":"https:\/\/hmedia.de\/photo\/ueber-mich\/","title":{"rendered":"\u00dcber mich"},"content":{"rendered":"<p>Jahrgang 1967, aufgewachsen in Dresden, ein paar Jahre an der K\u00fcste verbracht, ein paar die Atmosph\u00e4re in Radebeul genossen, lebe ich nun auf einer Ranch nahe K\u00f6nigsbr\u00fcck.<\/p>\n<p>Ich&nbsp;lernte Elektromonteur, ging vier Jahre zur Marine, studierte Mathematik und Physik im Lehramtsstudiengang.<\/p>\n<p>W\u00e4hrend des Studiums jobbte ich&nbsp;beim Mitteldeutschen Rundfunk als Redaktionsassistent und arbeitete danach als freier Journalist und Redakteur.<\/p>\n<p>Seit 2000 f\u00fchre ich die IT Beratungsfirma <a href=\"http:\/\/hmedia.de\/Hmedia\/de\/\" target=\"_blank\" rel=\"noopener noreferrer\">Hmedia<\/a>.<\/p>\n<p>&nbsp;<\/p>\n<p>Ich fotografiere gef\u00fchlt schon mein ganzes Leben lang &#8211; die pr\u00e4genden Jahre nat\u00fcrlich auf Film. Das bestimmt meine Herangehensweise noch heute. Ich war nie einer der Vielknipser und dr\u00fccke immer noch eher zur\u00fcckhaltend auf den Ausl\u00f6ser. Bei Platz f\u00fcr rund 2500 RAW Aufnahmen auf einer Speicherkarte mag das bissl \u00fcberholt sein. Aber ich mach das Bild gern im Kopf, bevor ich ausl\u00f6se.<\/p>\n<p>Obwohl ich die vergangenen Jahre fast ausschlie\u00dflich Fernsehunternehmen beraten habe, hab ich es selbst nicht so mit Videos. Ich la\u00df mich gern hinter der Fotokamera herausfordern, Emotionen, Perspektiven und Stimmungen mit einem einzigen Bild&nbsp;zu transportieren. Ein ganzer Clip macht es einem da sicher&nbsp;einfacher, aber vielleicht absurderweise empfinde ich Filmen viel anstrengender als Fotografieren. So bleibe ich denn bei den eingefrorenen Momenten und nutze die ganzen Video-Funktionen an meinen Kameras nur sehr sporadisch.<\/p>\n","protected":false},"excerpt":{"rendered":"<p>Jahrgang 1967, aufgewachsen in Dresden, ein paar Jahre an der K\u00fcste verbracht, ein paar die Atmosph\u00e4re in Radebeul genossen, lebe ich nun auf einer Ranch nahe K\u00f6nigsbr\u00fcck. Ich&nbsp;lernte Elektromonteur, ging vier Jahre zur Marine, studierte Mathematik und Physik im Lehramtsstudiengang. W\u00e4hrend des Studiums jobbte ich&nbsp;beim Mitteldeutschen Rundfunk als Redaktionsassistent und arbeitete danach als freier Journalist [&hellip;]<\/p>\n","protected":false},"author":1,"featured_media":289,"parent":0,"menu_order":0,"comment_status":"closed","ping_status":"closed","template":"page-templates\/template-featured-image.php","meta":{"_genesis_hide_title":false,"_genesis_hide_breadcrumbs":false,"_genesis_hide_singular_image":false,"_genesis_hide_footer_widgets":false,"_genesis_custom_body_class":"","_genesis_custom_post_class":"","_genesis_layout":"","ngg_post_thumbnail":0,"footnotes":""},"class_list":{"0":"post-172","1":"page","2":"type-page","3":"status-publish","4":"has-post-thumbnail","6":"entry"},"aioseo_notices":[],"_links":{"self":[{"href":"https:\/\/hmedia.de\/photo\/wp-json\/wp\/v2\/pages\/172","targetHints":{"allow":["GET"]}}],"collection":[{"href":"https:\/\/hmedia.de\/photo\/wp-json\/wp\/v2\/pages"}],"about":[{"href":"https:\/\/hmedia.de\/photo\/wp-json\/wp\/v2\/types\/page"}],"author":[{"embeddable":true,"href":"https:\/\/hmedia.de\/photo\/wp-json\/wp\/v2\/users\/1"}],"replies":[{"embeddable":true,"href":"https:\/\/hmedia.de\/photo\/wp-json\/wp\/v2\/comments?post=172"}],"version-history":[{"count":8,"href":"https:\/\/hmedia.de\/photo\/wp-json\/wp\/v2\/pages\/172\/revisions"}],"predecessor-version":[{"id":1163,"href":"https:\/\/hmedia.de\/photo\/wp-json\/wp\/v2\/pages\/172\/revisions\/1163"}],"wp:featuredmedia":[{"embeddable":true,"href":"https:\/\/hmedia.de\/photo\/wp-json\/wp\/v2\/media\/289"}],"wp:attachment":[{"href":"https:\/\/hmedia.de\/photo\/wp-json\/wp\/v2\/media?parent=172"}],"curies":[{"name":"wp","href":"https:\/\/api.w.org\/{rel}","templated":true}]}}