{"id":1530,"date":"2017-07-11T12:19:31","date_gmt":"2017-07-11T10:19:31","guid":{"rendered":"http:\/\/hmedia.de\/photo\/?page_id=1530"},"modified":"2022-03-18T19:54:06","modified_gmt":"2022-03-18T17:54:06","slug":"erinnerungsfotos","status":"publish","type":"page","link":"https:\/\/hmedia.de\/photo\/fotoshootings\/erinnerungsfotos\/","title":{"rendered":"Erinnerungsfotos"},"content":{"rendered":"<p>Das Shooting findet bei mir im Studio in K\u00f6nigsbr\u00fcck oder im Gel\u00e4nde statt. Es dauert etwa 2 Stunden. Outfits und Sets richten sich nat\u00fcrlich nach Deinen Vorstellungen. Ich berate Dich gerne.<\/p>\n<p>Sobald ich von Dir einen Auftrag erhalte, richte ich Dir im Kundenbereich einen Zugang ein und Du bekommst dar\u00fcber weitere Hinweise und Tipps zu Ablauf, Kleidung, Accessoires und Make-Up. In einem Vorgespr\u00e4ch &#8211; telefonisch oder pers\u00f6nlich &#8211; kl\u00e4ren wir alle Fragen.<\/p>\n<p>Du erh\u00e4ltst 5 Bilder nach Deiner Auswahl, professionell bearbeitet, als hochaufgel\u00f6ste jpg-Dateien. Solltest Du Prints ben\u00f6tigen oder w\u00fcnschen, kann ich Dich dazu nat\u00fcrlich beraten bzw. diese selbst erstellen (bis A2). Das h\u00e4ngt von Anzahl und der geplanten Verwendung der Ausdrucke ab.<\/p>\n<p><strong>Das beschriebene Paket kostet 320 \u20ac<\/strong> inklusive Mehrwertsteuer. Jede weitere Bild-Datei kostet 25 \u20ac.<\/p>\n","protected":false},"excerpt":{"rendered":"<p>Das Shooting findet bei mir im Studio in K\u00f6nigsbr\u00fcck oder im Gel\u00e4nde statt. Es dauert etwa 2 Stunden. Outfits und Sets richten sich nat\u00fcrlich nach Deinen Vorstellungen. Ich berate Dich gerne. Sobald ich von Dir einen Auftrag erhalte, richte ich Dir im Kundenbereich einen Zugang ein und Du bekommst dar\u00fcber weitere Hinweise und Tipps zu [&hellip;]<\/p>\n","protected":false},"author":1,"featured_media":2534,"parent":2607,"menu_order":0,"comment_status":"closed","ping_status":"closed","template":"page-templates\/template-featured-image.php","meta":{"_genesis_hide_title":false,"_genesis_hide_breadcrumbs":false,"_genesis_hide_singular_image":false,"_genesis_hide_footer_widgets":false,"_genesis_custom_body_class":"","_genesis_custom_post_class":"","_genesis_layout":"","ngg_post_thumbnail":0,"footnotes":""},"class_list":{"0":"post-1530","1":"page","2":"type-page","3":"status-publish","4":"has-post-thumbnail","6":"entry"},"aioseo_notices":[],"_links":{"self":[{"href":"https:\/\/hmedia.de\/photo\/wp-json\/wp\/v2\/pages\/1530","targetHints":{"allow":["GET"]}}],"collection":[{"href":"https:\/\/hmedia.de\/photo\/wp-json\/wp\/v2\/pages"}],"about":[{"href":"https:\/\/hmedia.de\/photo\/wp-json\/wp\/v2\/types\/page"}],"author":[{"embeddable":true,"href":"https:\/\/hmedia.de\/photo\/wp-json\/wp\/v2\/users\/1"}],"replies":[{"embeddable":true,"href":"https:\/\/hmedia.de\/photo\/wp-json\/wp\/v2\/comments?post=1530"}],"version-history":[{"count":6,"href":"https:\/\/hmedia.de\/photo\/wp-json\/wp\/v2\/pages\/1530\/revisions"}],"predecessor-version":[{"id":6930,"href":"https:\/\/hmedia.de\/photo\/wp-json\/wp\/v2\/pages\/1530\/revisions\/6930"}],"up":[{"embeddable":true,"href":"https:\/\/hmedia.de\/photo\/wp-json\/wp\/v2\/pages\/2607"}],"wp:featuredmedia":[{"embeddable":true,"href":"https:\/\/hmedia.de\/photo\/wp-json\/wp\/v2\/media\/2534"}],"wp:attachment":[{"href":"https:\/\/hmedia.de\/photo\/wp-json\/wp\/v2\/media?parent=1530"}],"curies":[{"name":"wp","href":"https:\/\/api.w.org\/{rel}","templated":true}]}}