{"id":128,"date":"2017-05-21T19:15:12","date_gmt":"2017-05-21T17:15:12","guid":{"rendered":"http:\/\/hmedia.de\/photo\/?page_id=128"},"modified":"2017-08-03T12:52:22","modified_gmt":"2017-08-03T10:52:22","slug":"willkommen","status":"publish","type":"page","link":"https:\/\/hmedia.de\/photo\/willkommen\/","title":{"rendered":"Willkommen"},"content":{"rendered":"<p>Sch\u00f6n, dass Du meine Seite gefunden hast. Ich bin Andreas Hartmann und stelle Dir hier meine Fotografie-Arbeit vor.<\/p>\n<p>In den letzten 15 Jahren habe ich als Medienberater vor allem bei Fernsehsendern gearbeitet&nbsp;<a href=\"http:\/\/hmedia.de\/Hmedia\/de\/\" target=\"_blank\" rel=\"noopener noreferrer\">\u22d7 siehe auch http:\/\/hmedia.de\/Hmedia\/de\/<br \/>\n<\/a>Das ist sehr spannend und interessant, aber auch sehr technik-lastig. Mit der Fotografie m\u00f6chte ich die Kreativit\u00e4t wieder mehr in den Mittelpunkt stellen.<\/p>\n<p>Die Kamera, die ich oben im Header zeige, ist eine Practica Super TL 1000 &#8211; mein erster Fotoapparat. Wie man sieht, habe ich das gute St\u00fcck heute noch. Sie funktioniert auch tadellos. Nat\u00fcrlich setze ich sie bei der t\u00e4glichen Arbeit nicht mehr ein \ud83d\ude42<\/p>\n<h1>Meine Leistungen f\u00fcr Dich<\/h1>\n<h2>Menschen<\/h2>\n<p>Ich fotografiere Dich f\u00fcr Deine eigene professionelle Pr\u00e4sentation &#8211; mit einzigartigen Portraits auf Bewerbung, Lebenslauf oder Social Media. <a href=\"https:\/\/hmedia.de\/photo\/fotoshootings\/businessfotos\/\">\u22d7 weiter zu Businessfotos<\/a><\/p>\n<p>Gemeinsam erstellen wir auch stimmungsvolle Erinnerungsfotos &#8211; bei Hobby oder Sport, mit der ganzen Familie, zu zweit oder Du alleine, schlicht oder k\u00fcnstlerisch effektvoll, drau\u00dfen oder im Studio. <a href=\"https:\/\/hmedia.de\/photo\/fotoshootings\/erinnerungsfotos\/\">\u22d7 weiter zu Erinnerungsfotos<\/a><\/p>\n<h2>Tiere<\/h2>\n<p>Bei mir erh\u00e4ltst Du professionelle Portraits von Deinem Hund oder Deiner Katze. Das ist eine Erinnerung f\u00fcrs ganze Leben, auch ideal als Geschenk. Aber auch Pferd, Hamster, Schlange oder Kanarienvogel bekomme ich abgelichtet &#8211; nur vielleicht nicht alle zusammen \ud83d\ude42 <a href=\"https:\/\/hmedia.de\/photo\/fotoshootings\/tierportraits\/\">\u22d7 weiter zu Tierportraits<\/a><\/p>\n<p>&nbsp;<\/p>\n<h1>Einige meiner Bilder<\/h1>\nngg_shortcode_0_placeholder\n","protected":false},"excerpt":{"rendered":"<p>Sch\u00f6n, dass Du meine Seite gefunden hast. Ich bin Andreas Hartmann und stelle Dir hier meine Fotografie-Arbeit vor. In den letzten 15 Jahren habe ich als Medienberater vor allem bei Fernsehsendern gearbeitet&nbsp;\u22d7 siehe auch http:\/\/hmedia.de\/Hmedia\/de\/ Das ist sehr spannend und interessant, aber auch sehr technik-lastig. Mit der Fotografie m\u00f6chte ich die Kreativit\u00e4t wieder mehr in [&hellip;]<\/p>\n","protected":false},"author":1,"featured_media":9,"parent":0,"menu_order":0,"comment_status":"closed","ping_status":"closed","template":"page-templates\/template-featured-image.php","meta":{"_genesis_hide_title":false,"_genesis_hide_breadcrumbs":false,"_genesis_hide_singular_image":false,"_genesis_hide_footer_widgets":false,"_genesis_custom_body_class":"","_genesis_custom_post_class":"","_genesis_layout":"","ngg_post_thumbnail":0,"footnotes":""},"class_list":{"0":"post-128","1":"page","2":"type-page","3":"status-publish","4":"has-post-thumbnail","6":"entry"},"aioseo_notices":[],"_links":{"self":[{"href":"https:\/\/hmedia.de\/photo\/wp-json\/wp\/v2\/pages\/128","targetHints":{"allow":["GET"]}}],"collection":[{"href":"https:\/\/hmedia.de\/photo\/wp-json\/wp\/v2\/pages"}],"about":[{"href":"https:\/\/hmedia.de\/photo\/wp-json\/wp\/v2\/types\/page"}],"author":[{"embeddable":true,"href":"https:\/\/hmedia.de\/photo\/wp-json\/wp\/v2\/users\/1"}],"replies":[{"embeddable":true,"href":"https:\/\/hmedia.de\/photo\/wp-json\/wp\/v2\/comments?post=128"}],"version-history":[{"count":26,"href":"https:\/\/hmedia.de\/photo\/wp-json\/wp\/v2\/pages\/128\/revisions"}],"predecessor-version":[{"id":2632,"href":"https:\/\/hmedia.de\/photo\/wp-json\/wp\/v2\/pages\/128\/revisions\/2632"}],"wp:featuredmedia":[{"embeddable":true,"href":"https:\/\/hmedia.de\/photo\/wp-json\/wp\/v2\/media\/9"}],"wp:attachment":[{"href":"https:\/\/hmedia.de\/photo\/wp-json\/wp\/v2\/media?parent=128"}],"curies":[{"name":"wp","href":"https:\/\/api.w.org\/{rel}","templated":true}]}}